 x(l).
-22
Let l = 51 - 42. Let m(s) = 4*s + s - s - 3*s - l. Let j be 0 - (-1 + -5) - 1. Calculate m(j).
-4
Suppose 3*d - 3*i + 225 = 0, 4*d + 3*i = -0*d - 279. Let g = d + 67. Let z(s) = s**2 + 3*s - 5. What is z(g)?
5
Let l(m) = 2*m**3 - 12*m**2 + 2*m - 10. Let j(d) = d**3 - 11*d**2 + 4*d - 10. Let r(u) = 3*j(u) - 2*l(u). Calculate r(-10).
10
Let d(h) = -h**2 - 10*h. Suppose 7 = -4*t - 13. Let q(y) = y**2 + 9*y + 1. Let f(j) = t*q(j) - 4*d(j). Suppose 5*k - 2*k = -12. Calculate f(k).
-1
Let d(a) = -a - 5. Let s = 612 + -606. Determine d(s).
-11
Let s = 75 - 69. Let o(w) = -w**2 + 4*w. Calculate o(s).
-12
Let y(d) be the third derivative of d**7/360 - 3*d**4/8 - 9*d**2. Let j(b) be the second derivative of y(b). Calculate j(-1).
7
Let x(h) = -h**2 + 11*h - 58. Let r(k) = -3*k**2 + 26*k - 174. Let c(v) = 6*r(v) - 17*x(v). Determine c(-29).
0
Let k be (-1 - -1 - -3) + 12 + 0. Let y(n) = n**2 - 13*n - 36. What is y(k)?
-6
Let x(b) = -b**3 - 16*b**2 - 2*b - 22. Suppose 0 = -19*w - 288 - 16. What is x(w)?
10
Let t(a) = 2*a**2 + 28*a + 5. Let m be t(-14). Let h(k) = k**3 - 6*k**2 + 3*k + 7. Give h(m).
-3
Let q(b) = -b**3 + 6*b**2 + 7*b + 3. Suppose -5*i = -i. Suppose -2*n = i, 4*p + n - 3*n - 28 = 0. What is q(p)?
3
Let r(u) = u - 10. Let p = -640 - -656. Determine r(p).
6
Suppose 0 = 6*v + 35 + 13. Let y be 54/v + 3/4. Let h(a) = -7*a**2 + 3*a - a**3 - 3*a - 5*a. Give h(y).
-6
Let v(j) = 20*j**2 - 4*j**3 - 29*j**2 - 4 + 3*j**3 - 6*j + 7. Determine v(-8).
-13
Let l(f) be the first derivative of -f**2/2 - f + 760. What is l(-1)?
0
Let o be 2/(1 + 4/(-12)). Suppose 3*z = 6*z + o. Let i be (z - (-2)/(-1)) + 9. Let r(x) = 2*x - 5. What is r(i)?
7
Let m = 289 - 292. Let p(d) = -d**2 + d - 4. Calculate p(m).
-16
Let f(l) be the third derivative of 2*l**2 + 0 + 0*l - 1/12*l**4 - 1/2*l**3 + 1/60*l**5. Let w(u) = -u**2 - 5*u + 154. Let n be w(10). Determine f(n).
5
Let m(q) = 3*q - 10. Suppose 34*r - 14*r = 180. Give m(r).
17
Let u(w) = -w - 5*w**2 + 3*w**3 + 2*w + 4*w**2 - 4*w**3. Suppose 0 = l + 4*l + 10. Calculate u(l).
2
Let b(u) be the first derivative of -u**5/60 + u**4/24 - 11*u**2/2 + 4. Let r(p) be the second derivative of b(p). Suppose -m - 1 + 4 = 0. Calculate r(m).
-6
Let r(j) = -4*j**2 + 33*j - 1. Suppose -w + 699 = 691. Determine r(w).
7
Let r(f) = f**2 + 3*f + 2. Suppose -3*o - 3*y + 165 = 0, -104 - 4 = -2*o - 4*y. Let t be -4*52/o - 2/7. Give r(t).
6
Let i be (-1 - -2) + 4 + 0. Let b(n) = 2*n - 3. Let a be b(i). Suppose r + 2*r = -x + a, 3*x = -3*r + 15. Let v(q) = -q + 5. What is v(x)?
1
Let t(p) = p - 5. Let v be t(-11). Let m = 4 + v. Let n be ((-4)/m)/(2/36). Let d(x) = x - 1. What is d(n)?
5
Let q(z) = -z - 4. Let i = -38 - -33. Let d be q(i). Let m be (-1)/d*7/(-1). Let f(y) = -y**2 + 7*y - 2. What is f(m)?
-2
Let i = -5 + 7. Let c be (-20)/(-2) + (-54)/18. Let o(s) = 2*s - c + 7 + s**i. Determine o(-3).
3
Let i(x) = x - 41*x**2 + 50*x**2 - 2*x**3 + 8*x + 0*x**3 + 1 + 3*x**3. Give i(-8).
-7
Let k = -27 - -29. Suppose -5*j + 8 + 3 = -k*y, 2*y = 2*j - 2. Let g(t) = 9 - 12 + y*t - 4*t. What is g(3)?
-9
Suppose 2*p + 0*j = 3*j - 1, -p - 3*j - 23 = 0. Let s(u) be the third derivative of u**6/120 + 3*u**5/20 + u**4/4 - u**3/3 - 4*u**2 + 1. Give s(p).
14
Let d(o) = 3*o - 6. Let g be d(4). Let w = 7 - 7. Let u(c) = -4 - c**2 + 3*c + w + 3*c. What is u(g)?
-4
Let o(b) be the first derivative of -b**3/3 + 5*b**2/2 + 6*b - 16. What is o(5)?
6
Suppose 0 = -665*i + 673*i - 40. Let s(b) = b**3 - 5*b**2 - 3*b - 3. Determine s(i).
-18
Let f(s) = 3*s + s + 2*s - 5*s - 1 + s. Suppose -4*p + 22 = -5*l, 2*l = -3*l + p - 13. Give f(l).
-5
Let h be -3 + (-9 - -3) + -1. Let b(f) be the second derivative of f**4/12 + 3*f**3/2 - 9*f**2/2 + 10*f. Determine b(h).
1
Let a(v) be the third derivative of -v**9/60480 - v**8/4032 - v**7/1008 - v**5/3 - 6*v**2. Let c(m) be the third derivative of a(m). Give c(-4).
4
Let v(o) = -3*o**3 - 4*o**2 - 3*o + 3. Suppose -2*t - 12 = -5*t. Let y(c) = 7*c**3 + 8*c**2 + 7*c - 7. Let q(u) = t*y(u) + 9*v(u). Determine q(4).
3
Let z(b) = 3*b - 17. Let l(t) = -t - 15. Let s(c) = -5*l(c) + 4*z(c). Calculate s(3).
58
Let g be ((-2)/(-10))/((-777)/(-70) - 11). Let k(q) = -q**3 - 2*q**2 + 4. Determine k(g).
-12
Let s(l) = l - 4. Let w be s(5). Let m(q) = -4 - 4*q**2 - 3*q + 3*q + 3. Give m(w).
-5
Let w(d) = d - 11. Let f be (2 + -4)/(6/3). Let q be f/(-4)*(0 - 0). Calculate w(q).
-11
Let r(c) = c - 16. Let l be r(17). Let y(m) = 9*m**2 - 2*m. Let n be y(l). Let k(p) = p**2 - p**2 + 0 - n*p - 1 + p**3 + 4*p**2. What is k(-5)?
9
Let y(q) = -3*q + 2. Let x(k) = -7*k + 3. Let z(r) = -4*x(r) + 7*y(r). Let m(s) = 10*s + 3. Let v(i) = -5*m(i) + 7*z(i). Calculate v(-6).
5
Let i = -7 - -5. Let b = -8 - -12. Let t(p) = p - 7*p**2 + 6*p**2 - 4 + b. Calculate t(i).
-6
Let q(l) be the third derivative of l**5/60 - l**4/4 + l**3/2 + 527*l**2. Let i = 6 + -3. Let n be 1*-6*(-2)/i. Calculate q(n).
-5
Let h(o) = 8*o**2 - 2. Suppose 3*d = 2*y + 5, -5*d - 1 = 3*y + 16. What is h(d)?
6
Let s(q) = 50 + 48 - 4*q - 95. Let p be (12/5)/((-3)/10). Let d(w) = w + 13. Let y be d(p). What is s(y)?
-17
Let q(l) = l + l**2 - 2*l + 2*l**2. Let j(p) = -2*p**2 - 8*p - 6. Let c be j(-4). Let f be (c - 259/(-42)) + (-7)/6. Calculate q(f).
4
Let q(p) = -3*p - 4. Suppose 5*r + 48 = -7*r. Determine q(r).
8
Let o be (1 - 16/12)*-12. Suppose o*q = -0 - 8. Let v be (-3)/12*q*-4. Let j(m) = -m - 3. What is j(v)?
-1
Let a(p) = 4*p + 2. Let n be a(5). Suppose -5*v = g - 2 - n, -3*v = 2*g - 13. Let z(f) = -v + f**2 + 1 - 3. Give z(0).
-7
Let u(f) = -f**2 - 6*f - 7. Let a be (-1)/(-1)*(-8)/(24/(-9)). Suppose -4*g + 2*q = 16, 5*g = a*g + 5*q. Give u(g).
-2
Let t(c) be the third derivative of c**7/1260 - c**6/720 + c**5/30 - 14*c**2. Let p(d) be the third derivative of t(d). Determine p(-2).
-9
Let y(o) = -23*o**2 + 4*o. Let s be y(-2). Let z = s + 96. Let g(j) = j + 3. Give g(z).
-1
Let t be -35*(-6)/30 + -11. Let l(p) = 4*p**2 + 13*p - 8. Give l(t).
4
Let c(b) = 33 + 147*b**3 - 283*b**3 + 135*b**3 + 3*b - 3*b. Calculate c(0).
33
Let b(r) = 9*r + 3. Let q(k) = -18*k - 5. Let a = -84 - -80. Let v(h) = a*q(h) - 7*b(h). Give v(-1).
-10
Let b = -75 - -89. Let u(v) = 2*v**2 - 30*v + 21. Calculate u(b).
-7
Let p = -36 - -42. Let i(t) = -t**3 + 6*t**2 - 3*t + 5. Give i(p).
-13
Suppose 5 = -2*f + 13. Suppose -n - 2 = -4*l, 3*n - 7*n + 4*l = -4. Suppose -n*r + f*r - 12 = 0. Let v(h) = -2*h - 1. What is v(r)?
-13
Let m(t) = -t**2 - 463*t + 470*t - 1 + 11. Give m(7).
10
Let x(u) = -u. Let w(c) = -15*c. Suppose 3*h + 2 + 4 = 0. Let p(t) = h*w(t) + 27*x(t). Calculate p(2).
6
Let x(q) = 2*q**3 - 32*q**2 - 2*q + 36. Let i be x(16). Let j(u) = -u**2 + u + 2. Determine j(i).
-10
Let w(x) = x**3 - 3*x**2 - 5*x - 2. Let l be (-171)/(-45) + (-24)/(-20). Determine w(l).
23
Suppose -3*a - 8*v - 18 = -3*v, -5*a + v = 2. Let w(y) = y - 1 - 9*y**2 + 13*y**2 - 3*y**2. Give w(a).
-1
Let q(f) = -10*f + 5. Let z(p) = -19*p + 9. Let r(h) = -11*q(h) + 6*z(h). Suppose -15 = -b + 2*a + a, -b = -a - 7. Suppose -7*i + b*i = 12. Determine r(i).
11
Let s(h) = -12*h + 675. Let j be s(56). Let o(u) be the second derivative of -3*u - 1/6*u**j + 0 + 7/2*u**2. Calculate o(6).
1
Let s(v) = v**2 - 9*v - 3. Let a(p) = 2*p**2 - 17*p - 5. Let h(u) = 4*a(u) - 7*s(u). Suppose m = 2*m. Suppose m*c = x - 3*c, -4*x + 26 = c. Give h(x).
7
Let c(r) = 2*r**2 + 5. Let l(x) = 2*x - 1. Let m(a) = -c(a) - 2*l(a). Determine m(-3).
-9
Let s(l) = -l**2 - 1. Let o be (-14)/(-4)*(-24)/42 + 1. Give s(o).
-2
Let v(o) = -4*o + 6 + 2*o**2 - 4*o - o**2. Let l = -177 - -183. Give v(l).
-6
Let a(o) be the second derivative of o**3 + 0 - 8*o - 1/2*o**2. What is a(1)?
5
Let u(m) = m + 7. Let v be u(-7). Suppose 4 = -2*t - v. Let r be (-13)/t - (-3)/6. Let s(j) = -j + 11. Determine s(r).
4
Let s be 1/3 + (-32)/(-12). Suppose a = -3*i + 2, 4*a + s*i + 2*i = -20. Let v = a + 12. Let n(x) = 2*x**2 - 3*x + 1. What is n(v)?
3
Let c(f) = -1. Let m(v) = v + 4. Let d(t) = 4*c(t) + m(t). Let w(l) = 2*l + 1. Let j(h) = -5*d(h) + 3*w(h). What is j(-7)?
-4
Let h(j) = j**2 + 5*j + 2. Let y = 105 + -101. Suppose -3*x - 2*x = 2*r + 16, y*r = -12. Calculate h(x).
-4
Let m(f) = f + 3. Suppose -3*s + 3*z - 8*z - 309 = 0, 0 = 5*s + 2*z + 496. Let c be ((-24)/14)/(28/s).